s the highest common factor of 18735 and 75?
15
Calculate the greatest common divisor of 2315456 and 40.
8
Calculate the highest common divisor of 19491 and 10731.
219
What is the highest common divisor of 204525 and 825?
75
What is the highest common factor of 800 and 8200?
200
What is the highest common factor of 7845 and 15?
15
What is the greatest common divisor of 64460 and 165?
55
What is the highest common factor of 89386 and 1496?
374
What is the highest common factor of 11 and 81290?
11
What is the greatest common divisor of 95 and 56335?
95
What is the greatest common divisor of 33770 and 1760?
110
Calculate the greatest common factor of 738295 and 149.
149
What is the greatest common factor of 76 and 857470?
38
What is the highest common factor of 352 and 1320000?
352
Calculate the highest common factor of 2891 and 1617.
49
What is the greatest common divisor of 2619 and 682686?
873
What is the highest common divisor of 15500 and 992?
124
Calculate the highest common factor of 1805 and 105.
5
What is the highest common divisor of 6589028 and 164?
164
Calculate the highest common factor of 6170 and 430.
10
Calculate the greatest common factor of 59 and 543154.
59
What is the highest common factor of 1041 and 117?
3
What is the greatest common divisor of 5291 and 115366?
37
What is the greatest common divisor of 273 and 30667?
91
Calculate the highest common factor of 80 and 1510060.
20
What is the greatest common factor of 185 and 140600?
185
What is the greatest common divisor of 20086 and 81257?
913
What is the greatest common divisor of 566 and 1415566?
566
Calculate the greatest common divisor of 2296 and 5264.
56
Calculate the highest common factor of 1312 and 787774.
82
What is the greatest common divisor of 96 and 174672?
48
Calculate the highest common divisor of 52011 and 288.
9
What is the greatest common factor of 740593 and 723?
241
What is the greatest common divisor of 87545 and 5?
5
What is the highest common divisor of 102 and 15045?
51
What is the highest common factor of 87050 and 20?
10
What is the greatest common factor of 1389961 and 1?
1
Calculate the greatest common factor of 176225 and 5225.
475
What is the highest common divisor of 13409 and 22264?
253
What is the greatest common divisor of 39216 and 2128?
304
What is the highest common divisor of 2 and 187648?
2
Calculate the highest common divisor of 47286 and 74.
74
What is the greatest common divisor of 4316 and 23572?
332
Calculate the greatest common factor of 7 and 2878.
1
What is the highest common factor of 297 and 352?
11
Calculate the greatest common divisor of 140 and 131516.
28
What is the highest common factor of 245 and 2198?
7
What is the highest common factor of 176 and 39842?
22
What is the greatest common factor of 3544 and 40?
8
Calculate the greatest common divisor of 616 and 34993.
7
What is the highest common factor of 209838 and 1394?
82
What is the greatest common factor of 21261 and 9804?
57
Calculate the greatest common factor of 220 and 761002.
22
Calculate the greatest common divisor of 857071 and 6004.
1501
Calculate the highest common factor of 36594 and 11913.
57
What is the greatest common divisor of 89957 and 2982?
497
What is the highest common divisor of 13 and 4876560?
13
What is the greatest common divisor of 94377 and 965?
193
Calculate the greatest common factor of 19147 and 1107.
41
What is the highest common factor of 18570 and 42?
6
What is the greatest common factor of 62 and 137857?
31
What is the greatest common divisor of 58 and 29551?
29
Calculate the greatest common factor of 3832570 and 14.
14
Calculate the highest common factor of 297 and 28853.
11
What is the greatest common divisor of 17 and 1549346?
17
What is the highest common divisor of 10 and 520365?
5
Calculate the greatest common factor of 213 and 110973.
213
What is the greatest common factor of 551 and 12407?
19
What is the greatest common divisor of 134701 and 98?
49
What is the highest common divisor of 20 and 703770?
10
Calculate the highest common factor of 21303 and 1841.
263
What is the highest common divisor of 568 and 2121480?
568
What is the greatest common factor of 34288 and 128?
16
What is the highest common factor of 77 and 8921?
11
What is the highest common divisor of 345929 and 93?
31
Calculate the highest common factor of 88 and 455873.
11
What is the highest common factor of 561 and 37059?
33
Calculate the greatest common divisor of 3 and 8683737.
3
What is the highest common divisor of 19524 and 36?
12
What is the highest common factor of 368715 and 2538?
141
What is the highest common divisor of 10450 and 11286?
418
What is the greatest common factor of 310 and 1383530?
310
What is the greatest common divisor of 10208 and 8096?
352
What is the highest common factor of 254 and 266446?
254
What is the greatest common factor of 39379 and 1961?
53
What is the highest common factor of 579315 and 165?
165
What is the greatest common divisor of 115152 and 96?
48
Calculate the highest common factor of 544 and 421192.
136
What is the highest common divisor of 2034 and 9266?
226
What is the greatest common factor of 3015 and 24555?
15
Calculate the highest common factor of 52582 and 671.
61
Calculate the highest common divisor of 142709 and 111.
37
Calculate the greatest common divisor of 139475 and 280.
35
Calculate the greatest common factor of 16448 and 5911.
257
Calculate the greatest common divisor of 104531 and 6104.
763
What is the highest common factor of 2 and 2760658?
2
What is the greatest common divisor of 8216 and 27729?
1027
Calculate the greatest common factor of 256944 and 32.
16
Calculate the highest common divisor of 658984 and 8.
8
Calculate the greatest common factor of 46 and 15801.
23
Calculate the greatest common factor of 7429 and 2907.
323
What is the highest common divisor of 1653 and 21204?
57
What is the greatest common factor of 1654488 and 1386?
198
What is the greatest common divisor of 300 and 162300?
300
What is the greatest common factor of 3342889 and 759?
253
What is the highest common factor of 163020 and 176?
44
Calculate the greatest common factor of 307131 and 33.
33
What is the highest common divisor of 1350 and 3850?
50
Calculate the highest common factor of 3105 and 67365.
135
Calculate the highest common factor of 7730 and 70.
10
Calculate the greatest common factor of 2796 and 350432.
932
Calculate the greatest common factor of 124 and 5371928.
124
What is the highest common factor of 4870 and 625?
5
What is the greatest common divisor of 21 and 1315027?
7
Calculate the greatest common factor of 23 and 1231.
1
Calculate the greatest common divisor of 163 and 5778187.
163
What is the highest common divisor of 30 and 10398?
6
Calculate the highest common factor of 12936 and 29596.
196
Calculate the highest common divisor of 1550 and 200.
50
Calculate the highest common divisor of 162 and 1566.
54
Calculate the highest common factor of 14 and 3350.
2
Calculate the greatest common factor of 152569 and 1421.
29
Calculate the highest common divisor of 198764 and 74.
74
Calculate the highest common factor of 16146 and 41607.
621
What is the highest common divisor of 3565 and 2015?
155
Calculate the greatest common divisor of 48712 and 40.
8
Calculate the highest common divisor of 464 and 15602.
58
What is the highest common divisor of 1227018 and 39?
39
What is the highest common divisor of 531851 and 97?
97
What is the greatest common factor of 175 and 41895?
35
What is the greatest common factor of 152 and 4856?
8
What is the greatest common factor of 29558 and 2?
2
Calculate the greatest common factor of 19568 and 688.
16
What is the highest common factor of 1 and 212863?
1
Calculate the highest common factor of 40 and 160985.
5
What is the highest common divisor of 60 and 26844?
12
What is the greatest common divisor of 4239 and 324?
27
Calculate the highest common factor of 242 and 1497562.
22
Calculate the highest common divisor of 288 and 21536.
32
Calculate the highest common factor of 80 and 10288.
16
What is the highest common divisor of 18 and 18027?
9
Calculate the greatest common divisor of 3339 and 389921.
371
What is the greatest common factor of 216012 and 20868?
564
Calculate the